[INFO] fetching crate imgui-dx9-renderer 0.4.0...
[INFO] checking imgui-dx9-renderer-0.4.0 against try#72f88fc4e9458f89516a0b8b0868f3718aec5b47 for pr-74989
[INFO] extracting crate imgui-dx9-renderer 0.4.0 into /workspace/builds/worker-10/source
[INFO] validating manifest of crates.io crate imgui-dx9-renderer 0.4.0 on toolchain 72f88fc4e9458f89516a0b8b0868f3718aec5b47
[INFO] running `Command { std: "/workspace/cargo-home/bin/cargo" "+72f88fc4e9458f89516a0b8b0868f3718aec5b47" "read-manifest" "--manifest-path" "Cargo.toml", kill_on_drop: false }`
[INFO] started tweaking crates.io crate imgui-dx9-renderer 0.4.0
[INFO] finished tweaking crates.io crate imgui-dx9-renderer 0.4.0
[INFO] tweaked toml for crates.io crate imgui-dx9-renderer 0.4.0 written to /workspace/builds/worker-10/source/Cargo.toml
[INFO] crate crates.io crate imgui-dx9-renderer 0.4.0 already has a lockfile, it will not be regenerated
[INFO] running `Command { std: "/workspace/cargo-home/bin/cargo" "+72f88fc4e9458f89516a0b8b0868f3718aec5b47" "fetch" "--locked" "--manifest-path" "Cargo.toml", kill_on_drop: false }`
[INFO] [stderr]     Blocking waiting for file lock on package cache
[INFO] running `Command { std: "docker" "create" "-v" "/var/lib/crater-agent-workspace/builds/worker-10/target:/opt/rustwide/target:rw,Z" "-v" "/var/lib/crater-agent-workspace/builds/worker-10/source:/opt/rustwide/workdir:ro,Z" "-v" "/var/lib/crater-agent-workspace/cargo-home:/opt/rustwide/cargo-home:ro,Z" "-v" "/var/lib/crater-agent-workspace/rustup-home:/opt/rustwide/rustup-home:ro,Z" "-e" "SOURCE_DIR=/opt/rustwide/workdir" "-e" "CARGO_TARGET_DIR=/opt/rustwide/target" "-e" "CARGO_HOME=/opt/rustwide/cargo-home" "-e" "RUSTUP_HOME=/opt/rustwide/rustup-home" "-w" "/opt/rustwide/workdir" "-m" "1610612736" "--user" "0:0" "--network" "none" "rustops/crates-build-env@sha256:d92eaeed33fa75130ca1ee6c8a01d1ffb62bac859dfdfb3450e3e5d1c0146529" "/opt/rustwide/cargo-home/bin/cargo" "+72f88fc4e9458f89516a0b8b0868f3718aec5b47" "metadata" "--no-deps" "--format-version=1", kill_on_drop: false }`
[INFO] [stdout] 7b50f37986b59e78165d2f7e42930d43e86883822b5599607b7fac2301ee34c6
[INFO] [stderr] WARNING: Your kernel does not support swap limit capabilities or the cgroup is not mounted. Memory limited without swap.
[INFO] running `Command { std: "docker" "start" "-a" "7b50f37986b59e78165d2f7e42930d43e86883822b5599607b7fac2301ee34c6", kill_on_drop: false }`
[INFO] running `Command { std: "docker" "inspect" "7b50f37986b59e78165d2f7e42930d43e86883822b5599607b7fac2301ee34c6", kill_on_drop: false }`
[INFO] running `Command { std: "docker" "rm" "-f" "7b50f37986b59e78165d2f7e42930d43e86883822b5599607b7fac2301ee34c6", kill_on_drop: false }`
[INFO] [stdout] 7b50f37986b59e78165d2f7e42930d43e86883822b5599607b7fac2301ee34c6
[INFO] running `Command { std: "docker" "create" "-v" "/var/lib/crater-agent-workspace/builds/worker-10/target:/opt/rustwide/target:rw,Z" "-v" "/var/lib/crater-agent-workspace/builds/worker-10/source:/opt/rustwide/workdir:ro,Z" "-v" "/var/lib/crater-agent-workspace/cargo-home:/opt/rustwide/cargo-home:ro,Z" "-v" "/var/lib/crater-agent-workspace/rustup-home:/opt/rustwide/rustup-home:ro,Z" "-e" "SOURCE_DIR=/opt/rustwide/workdir" "-e" "CARGO_TARGET_DIR=/opt/rustwide/target" "-e" "CARGO_INCREMENTAL=0" "-e" "RUST_BACKTRACE=full" "-e" "RUSTFLAGS=--cap-lints=forbid" "-e" "CARGO_HOME=/opt/rustwide/cargo-home" "-e" "RUSTUP_HOME=/opt/rustwide/rustup-home" "-w" "/opt/rustwide/workdir" "-m" "1610612736" "--user" "0:0" "--network" "none" "rustops/crates-build-env@sha256:d92eaeed33fa75130ca1ee6c8a01d1ffb62bac859dfdfb3450e3e5d1c0146529" "/opt/rustwide/cargo-home/bin/cargo" "+72f88fc4e9458f89516a0b8b0868f3718aec5b47" "check" "--frozen" "--all" "--all-targets" "--message-format=json", kill_on_drop: false }`
[INFO] [stdout] 32c8d77455af494139edffc6a6fc27248928ebda759b289599235925e5926bd3
[INFO] [stderr] WARNING: Your kernel does not support swap limit capabilities or the cgroup is not mounted. Memory limited without swap.
[INFO] running `Command { std: "docker" "start" "-a" "32c8d77455af494139edffc6a6fc27248928ebda759b289599235925e5926bd3", kill_on_drop: false }`
[INFO] [stderr]    Compiling libc v0.2.66
[INFO] [stderr]    Compiling proc-macro2 v0.4.30
[INFO] [stderr]    Compiling unicode-xid v0.1.0
[INFO] [stderr]     Checking bitflags v1.0.4
[INFO] [stderr]    Compiling nix v0.14.1
[INFO] [stderr]     Checking void v1.0.2
[INFO] [stderr]     Checking slab v0.4.2
[INFO] [stderr]    Compiling byteorder v1.3.1
[INFO] [stderr]    Compiling arrayvec v0.4.10
[INFO] [stderr]     Checking scopeguard v1.0.0
[INFO] [stderr]     Checking nodrop v0.1.13
[INFO] [stderr]    Compiling pkg-config v0.3.14
[INFO] [stderr]    Compiling maybe-uninit v2.0.0
[INFO] [stderr]     Checking downcast-rs v1.0.4
[INFO] [stderr]     Checking xdg v2.2.0
[INFO] [stderr]    Compiling winapi v0.3.7
[INFO] [stderr]     Checking percent-encoding v2.1.0
[INFO] [stderr]    Compiling libloading v0.5.0
[INFO] [stderr]     Checking log v0.4.6
[INFO] [stderr]    Compiling imgui-sys v0.4.0
[INFO] [stderr]    Compiling num-traits v0.2.8
[INFO] [stderr]     Checking walkdir v2.2.7
[INFO] [stderr]     Checking lock_api v0.3.1
[INFO] [stderr]    Compiling x11-dl v2.18.5
[INFO] [stderr]     Checking dlib v0.4.1
[INFO] [stderr]     Checking wayland-sys v0.23.6
[INFO] [stderr]    Compiling quote v0.6.12
[INFO] [stderr]     Checking stb_truetype v0.2.6
[INFO] [stderr]    Compiling wayland-scanner v0.23.6
[INFO] [stderr]     Checking net2 v0.2.33
[INFO] [stderr]     Checking iovec v0.1.4
[INFO] [stderr]     Checking parking_lot_core v0.7.0
[INFO] [stderr]     Checking memmap v0.7.0
[INFO] [stderr]     Checking raw-window-handle v0.3.3
[INFO] [stderr]     Checking ordered-float v1.0.2
[INFO] [stderr]     Checking approx v0.3.2
[INFO] [stderr]     Checking line_drawing v0.7.0
[INFO] [stderr]     Checking parking_lot v0.10.0
[INFO] [stderr]     Checking mio v0.6.21
[INFO] [stderr]     Checking rusttype v0.7.6
[INFO] [stderr]     Checking andrew v0.2.1
[INFO] [stderr]     Checking mio-extras v2.0.6
[INFO] [stderr]    Compiling wayland-client v0.23.6
[INFO] [stderr]    Compiling wayland-protocols v0.23.6
[INFO] [stderr]     Checking wayland-commons v0.23.6
[INFO] [stderr]     Checking calloop v0.4.4
[INFO] [stderr]     Checking imgui v0.4.0
[INFO] [stderr]     Checking imgui-dx9-renderer v0.4.0 (/opt/rustwide/workdir)
[INFO] [stderr]     Checking smithay-client-toolkit v0.6.6
[INFO] [stderr]     Checking winit v0.22.1
[INFO] [stderr]     Checking imgui-winit-support v0.4.0
[INFO] [stdout] error[E0433]: failed to resolve: could not find `shared` in `winapi`
[INFO] [stdout]  --> examples/winit.rs:4:13
[INFO] [stdout]   |
[INFO] [stdout] 4 | use winapi::shared::{d3d9::*, d3d9caps::*, d3d9types::*, windef::HWND};
[INFO] [stdout]   |             ^^^^^^ could not find `shared` in `winapi`
[INFO] [stdout] 
[INFO] [stdout] 
[INFO] [stdout] error[E0433]: failed to resolve: could not find `Renderer` in `imgui_dx9_renderer`
[INFO] [stdout]   --> examples/winit.rs:75:29
[INFO] [stdout]    |
[INFO] [stdout] 75 |         imgui_dx9_renderer::Renderer::new(&mut imgui, unsafe { NonNull::new_unchecked(device) })
[INFO] [stdout]    |                             ^^^^^^^^ could not find `Renderer` in `imgui_dx9_renderer`
[INFO] [stdout] 
[INFO] [stdout] 
[INFO] [stdout] error[E0412]: cannot find type `HWND` in this scope
[INFO] [stdout]   --> examples/winit.rs:20:35
[INFO] [stdout]    |
[INFO] [stdout] 20 | unsafe fn set_up_dx_context(hwnd: HWND) -> (LPDIRECT3D9, LPDIRECT3DDEVICE9) {
[INFO] [stdout]    |                                   ^^^^ not found in this scope
[INFO] [stdout] 
[INFO] [stdout] 
[INFO] [stdout] error[E0412]: cannot find type `LPDIRECT3D9` in this scope
[INFO] [stdout]   --> examples/winit.rs:20:45
[INFO] [stdout]    |
[INFO] [stdout] 20 | unsafe fn set_up_dx_context(hwnd: HWND) -> (LPDIRECT3D9, LPDIRECT3DDEVICE9) {
[INFO] [stdout]    |                                             ^^^^^^^^^^^ not found in this scope
[INFO] [stdout] 
[INFO] [stdout] 
[INFO] [stdout] error[E0412]: cannot find type `LPDIRECT3DDEVICE9` in this scope
[INFO] [stdout]   --> examples/winit.rs:20:58
[INFO] [stdout]    |
[INFO] [stdout] 20 | unsafe fn set_up_dx_context(hwnd: HWND) -> (LPDIRECT3D9, LPDIRECT3DDEVICE9) {
[INFO] [stdout]    |                                                          ^^^^^^^^^^^^^^^^^ not found in this scope
[INFO] [stdout] 
[INFO] [stdout] 
[INFO] [stdout] error[E0425]: cannot find function, tuple struct or tuple variant `Direct3DCreate9` in this scope
[INFO] [stdout]   --> examples/winit.rs:21:14
[INFO] [stdout]    |
[INFO] [stdout] 21 |     let d9 = Direct3DCreate9(D3D_SDK_VERSION);
[INFO] [stdout]    |              ^^^^^^^^^^^^^^^ not found in this scope
[INFO] [stdout] 
[INFO] [stdout] 
[INFO] [stdout] error[E0425]: cannot find value `D3D_SDK_VERSION` in this scope
[INFO] [stdout]   --> examples/winit.rs:21:30
[INFO] [stdout]    |
[INFO] [stdout] 21 |     let d9 = Direct3DCreate9(D3D_SDK_VERSION);
[INFO] [stdout]    |                              ^^^^^^^^^^^^^^^ not found in this scope
[INFO] [stdout] 
[INFO] [stdout] 
[INFO] [stdout] error[E0422]: cannot find struct, variant or union type `D3DPRESENT_PARAMETERS` in this scope
[INFO] [stdout]   --> examples/winit.rs:25:30
[INFO] [stdout]    |
[INFO] [stdout] 25 |     let mut present_params = D3DPRESENT_PARAMETERS {
[INFO] [stdout]    |                              ^^^^^^^^^^^^^^^^^^^^^ not found in this scope
[INFO] [stdout] 
[INFO] [stdout] 
[INFO] [stdout] error[E0425]: cannot find value `D3DMULTISAMPLE_NONE` in this scope
[INFO] [stdout]   --> examples/winit.rs:27:26
[INFO] [stdout]    |
[INFO] [stdout] 27 |         MultiSampleType: D3DMULTISAMPLE_NONE,
[INFO] [stdout]    |                          ^^^^^^^^^^^^^^^^^^^ not found in this scope
[INFO] [stdout] 
[INFO] [stdout] 
[INFO] [stdout] error[E0425]: cannot find value `D3DSWAPEFFECT_DISCARD` in this scope
[INFO] [stdout]   --> examples/winit.rs:29:21
[INFO] [stdout]    |
[INFO] [stdout] 29 |         SwapEffect: D3DSWAPEFFECT_DISCARD,
[INFO] [stdout]    |                     ^^^^^^^^^^^^^^^^^^^^^ not found in this scope
[INFO] [stdout] 
[INFO] [stdout] 
[INFO] [stdout] error[E0425]: cannot find value `D3DPRESENT_RATE_DEFAULT` in this scope
[INFO] [stdout]   --> examples/winit.rs:32:37
[INFO] [stdout]    |
[INFO] [stdout] 32 |         FullScreen_RefreshRateInHz: D3DPRESENT_RATE_DEFAULT,
[INFO] [stdout]    |                                     ^^^^^^^^^^^^^^^^^^^^^^^ not found in this scope
[INFO] [stdout] 
[INFO] [stdout] 
[INFO] [stdout] error[E0425]: cannot find value `D3DPRESENT_INTERVAL_DEFAULT` in this scope
[INFO] [stdout]   --> examples/winit.rs:33:31
[INFO] [stdout]    |
[INFO] [stdout] 33 |         PresentationInterval: D3DPRESENT_INTERVAL_DEFAULT,
[INFO] [stdout]    |                               ^^^^^^^^^^^^^^^^^^^^^^^^^^^ not found in this scope
[INFO] [stdout] 
[INFO] [stdout] 
[INFO] [stdout] error[E0425]: cannot find value `D3DFMT_R5G6B5` in this scope
[INFO] [stdout]   --> examples/winit.rs:34:27
[INFO] [stdout]    |
[INFO] [stdout] 34 |         BackBufferFormat: D3DFMT_R5G6B5,
[INFO] [stdout]    |                           ^^^^^^^^^^^^^ not found in this scope
[INFO] [stdout] 
[INFO] [stdout] 
[INFO] [stdout] error[E0425]: cannot find value `D3DADAPTER_DEFAULT` in this scope
[INFO] [stdout]   --> examples/winit.rs:43:9
[INFO] [stdout]    |
[INFO] [stdout] 43 |         D3DADAPTER_DEFAULT,
[INFO] [stdout]    |         ^^^^^^^^^^^^^^^^^^ not found in this scope
[INFO] [stdout] 
[INFO] [stdout] 
[INFO] [stdout] error[E0425]: cannot find value `D3DDEVTYPE_HAL` in this scope
[INFO] [stdout]   --> examples/winit.rs:44:9
[INFO] [stdout]    |
[INFO] [stdout] 44 |         D3DDEVTYPE_HAL,
[INFO] [stdout]    |         ^^^^^^^^^^^^^^ not found in this scope
[INFO] [stdout] 
[INFO] [stdout] 
[INFO] [stdout] error[E0425]: cannot find value `D3DCREATE_SOFTWARE_VERTEXPROCESSING` in this scope
[INFO] [stdout]   --> examples/winit.rs:46:9
[INFO] [stdout]    |
[INFO] [stdout] 46 |         D3DCREATE_SOFTWARE_VERTEXPROCESSING,
[INFO] [stdout]    |         ^^^^^^^^^^^^^^^^^^^^^^^^^^^^^^^^^^^ not found in this scope
[INFO] [stdout] 
[INFO] [stdout] 
[INFO] [stdout] error[E0425]: cannot find value `D3DCLEAR_TARGET` in this scope
[INFO] [stdout]    --> examples/winit.rs:126:54
[INFO] [stdout]     |
[INFO] [stdout] 126 |                 (&*device).Clear(0, ptr::null_mut(), D3DCLEAR_TARGET, 0xFFAA_AAAA, 1.0, 0);
[INFO] [stdout]     |                                                      ^^^^^^^^^^^^^^^ not found in this scope
[INFO] [stdout] 
[INFO] [stdout] 
[INFO] [stdout] error[E0599]: no variant or associated item named `Windows` found for enum `RawWindowHandle` in the current scope
[INFO] [stdout]   --> examples/winit.rs:67:40
[INFO] [stdout]    |
[INFO] [stdout] 67 |     let hwnd = if let RawWindowHandle::Windows(handle) = window.raw_window_handle() {
[INFO] [stdout]    |                                        ^^^^^^^ variant or associated item not found in `RawWindowHandle`
[INFO] [stdout] 
[INFO] [stdout] 
[INFO] [stdout] error: aborting due to 18 previous errors
[INFO] [stdout] 
[INFO] [stdout] 
[INFO] [stdout] Some errors have detailed explanations: E0412, E0422, E0425, E0433, E0599.
[INFO] [stdout] 
[INFO] [stdout] For more information about an error, try `rustc --explain E0412`.
[INFO] [stdout] 
[INFO] [stderr] error: could not compile `imgui-dx9-renderer`.
[INFO] [stderr] 
[INFO] [stderr] To learn more, run the command again with --verbose.
[INFO] running `Command { std: "docker" "inspect" "32c8d77455af494139edffc6a6fc27248928ebda759b289599235925e5926bd3", kill_on_drop: false }`
[INFO] running `Command { std: "docker" "rm" "-f" "32c8d77455af494139edffc6a6fc27248928ebda759b289599235925e5926bd3", kill_on_drop: false }`
[INFO] [stdout] 32c8d77455af494139edffc6a6fc27248928ebda759b289599235925e5926bd3
